7 - (20 - -14 - 42)?
70
-1869 - -1968 - (-1 + 67)
33
What is the value of (-6 - -40) + 7 + -15?
26
Calculate -78 - -107 - 26 - (0 + -100).
103
Evaluate 1 + -12 - (-328 - -274).
43
What is the value of -5 + -1 - (41 + (-45 - (4 - -18)))?
20
Evaluate -21 + 2 + (3 - 1) + (18 + 23 - 37).
-13
Calculate -38 + -36 + 52 - (18 - 69).
29
42 + (-4 - -1 - -5) + (-10 - -15)
49
Evaluate 63 + (-101 + -5 - -26).
-17
(-2 - -1 - -27) + 42171 + -42312
-115
What is (3 - 21 - (-1 - -10 - 15)) + 50 + -46?
-8
25 + -31 + (9 - -18)
21
Evaluate (11 - -41 - 33 - -13) + -133.
-101
Calculate 23 - 13 - (-28 + 10 + -62 + -12).
102
What is 10 - (-15 - (76 - 161))?
-60
Evaluate 3 - ((0 - (3 - -16) - (-127 + 116)) + 53).
-42
146 - 104 - (62 - 5) - 81
-96
What is 114 + 6 + -21 + -53?
46
Evaluate 2 - (-3 + -43) - (12 + -159 + 140).
55
14 + (13 - (14 - 15 - -11))
17
What is the value of (7 + -5 - 63) + 34?
-27
What is 0 + -80 + -14202 + 14356?
74
95 + 1 + (-294 - -476 - 176)
102
(-27 - 10 - -25) + (26 - (0 + -5))
19
Calculate 37 + -51 + 17 + 10 + -30 + -1.
-18
17 - (0 + -32 + 82)
-33
Evaluate (-8 - (-26 + 66) - -30) + -40.
-58
What is 3 - 1 - (-19 - -73 - 43) - 11?
-20
What is (-24 - (20 - 19)) + 24 + (81 - 1) - 7?
72
What is -1 + 3 + -2 + (9 - 10) - 37?
-38
78 - 160 - (-67 + -6)
-9
What is the value of ((3 - -2) + -19 - -104) + 17 + -13 + 6?
100
What is -103 - -96 - (-4 - (-2 - -2))?
-3
What is -12 + -56 + 45 + 26?
3
What is (110 - -60) + -101 - 112?
-43
What is 23 + (58 - 15) + -52 - (-5 + 1 + 1)?
17
99 + -104 + 19 + -22 + (2 - -3)
-3
Calculate -40 + -76 + 162 - 78.
-32
Calculate -4 - (-38 + 7 - (-10 - -11)).
28
Calculate -489 + 274 - -213 - (-11 + (4 - 2)).
7
What is the value of 12 + -17 + 20 + -7 + -2?
6
What is the value of -69 + 15 + 6 + 9?
-39
Calculate 31 - (18 + -38 + 102).
-51
What is -203 - -65 - -107 - (1 - 1 - 13)?
-18
What is -25 - (1 + -12 + 4) - -18?
0
-18814 - -18912 - (1 + 123)
-26
(-58 - -6) + (8 + 13 + (-14 - -5) - 1)
-41
What is (13 - (8 + 8 - 2 - 13) - -3) + 138?
153
What is the value of -110 - (-40 - -9) - 9?
-88
Calculate (0 - (28 + 0)) + (-333 - -343).
-18
20 + -8 + -8 - (6 + -14 + 133 - -8)
-129
-11 + 19 - -22 - -6 - -1
37
Evaluate (-12 - (10 + -10 + -31)) + 17.
36
What is the value of 19 - ((64 - -2 - 2) + (5440 - 5416))?
-69
Evaluate -91 + 42 + 51 + -46.
-44
Evaluate -2 + -43 + -1 - (-6 + (-14 + 13 - -4)).
-43
What is the value of 64 - 1 - (-3 + (2 - -4) + (-10 - -1))?
69
Calculate -153 - (-78 - (105 - 97)).
-67
What is (30 - -2 - -29) + -12 + 6?
55
10 - 3 - (-7 - 13) - (-3 + 21 + -8)
17
Evaluate -101 + 21 + -14 + -2 + (-26 - -10).
-112
Evaluate (-16 + 1 - (36 - (-64 + 120))) + -31 + -1.
-27
Evaluate 18 + (13 - 33) + -11 - (2 - 1 - -44).
-58
What is the value of -15 - (63 + -142 + -18)?
82
(1 - 26) + 47 + -16 + -77
-71
What is the value of -11 + -3 - (4 + 7 + (-21 - -34))?
-38
What is the value of 183 + -290 + 182 + (1 - -10)?
86
Evaluate -15 - (38 + (21 + -65 - -15)).
-24
Calculate 5 + -30 + 0 - (-18 - (10 - -84)).
87
113 - (57 + 119 - 81)
18
What is the value of 3 + (14 - 84) + (20 + -2 - -1)?
-48
-28 + (-6 - -15) + -4 + 23 - (1 - -43)
-44
Calculate -10 + 3 + 8 + (-4 + 6 - 66) + 5.
-58
Calculate -111 - 26 - (-2 + 20 + -26).
-129
What is the value of -6 - (-20 - (-54 - -69))?
29
What is the value of 26 - (-12 - -83) - -22?
-23
Evaluate -34 + 30 + 12 + -20.
-12
What is (-343 + 370 - (-1 - -42)) + -88?
-102
Evaluate -5 + (10 - (7 - 21)).
19
Calculate -22 + 29 + (-1 - -2) - 51.
-43
Calculate (3 - -81) + (-10 - -5) - (-27 + 18).
88
Calculate 24 - ((-60 - -8) + 102).
-26
What is -5 + (5 - -2) + -4 + (10 - 5 - 67)?
-64
6 + (-11 - (15 + 2 - (-206 - -264)))
36
What is -50 - -135 - 97 - (-11 + -2)?
1
What is the value of 33 - -85 - (-21 + 4 - (-2 - 13))?
120
What is the value of -18 + -15 + (58 - 51)?
-26
Calculate 92 + -132 - (-55 - -5).
10
What is (58 - 91) + (-35 - -3 - -10)?
-55
Evaluate -3448 + 3459 + (2 - (-39 + -3)).
55
Calculate -53 - (27 + 6 + -106).
20
Calculate -38 + (33 - (-33 + -39)).
67
53 + -77 + -60 + 48
-36
What is the value of -62 - (0 + -27 + (-4 - 25 - -41))?
-47
Calculate (29 - 42) + (6 - -11) - -22.
26
Calculate (30 - 59) + 157 - -8 - 22.
114
-24 - (-6 - 15) - (-10 + 1 - 0)
6
What is the value of 49 + -20 + ((-11 - -21) + -5 - 0)?
34
(-11 - -11) + 15 - -25 - (-3 - -7 - 5)
41
-1 + (-83 - (73 - 102))
-55
Calculate 6 + (-5 - (4 + -5 + -2)) - (65 + -11).
-50
Calculate 7 + 50 + -27 - 49.
-19
What is the value of (-67 + 56 + 10 - (-3 + 1)) + 22?
23
((12 - 6) + -10 - 2) + 2 + 6
2
What is the value of 44 + -42 + (26 - (33 - 80))?
75
Calculate 1 + 13 + -462 + 436 - -19 - (1 - -44).
-38
What is the value of (-356 + 376 - (0 - -44)) + 35?
11
What is (-3 - -5) + (-9 - (-15 - -7)) - -24?
25
(-27 - -11 - -24 - -21) + -81
-52
What is the value of (-18 - 73) + -189 + 342?
62
(-160 - -145 - (-6 - 2)) + -9
-16
Evaluate 47 + 9 + 11 + 2 + -28.
41
Calculate 24 + -40 + 0 + 3 + 17.
4
0 + -11 + 4 + -1974 + 1997
16
What is the value of (2779 - 2819) + -10 + (2 - (-3 + 1 + 5))?
-51
Evaluate 128 + 149 + -535 + 140.
-118
(13 - -1) + (-62 - -113)
65
What is 3 + (37 - 2) + -42?
-4
11 + (35 - (7 + -13 + (-5 - -22)))
35
Calculate -28 - (54 + -32 + 77).
-127
What is -2 - 7 - (3 + -31 + (-4 - -1))?
22
What is the value of -15 - (-2 + -13) - 8 - 10?
-18
What is -8 + 2 + 17 + -37 + 19 + -32?
-39
What is (-123 - -54 - -40) + (-3 - (2 + -2 + -1))?
-31
What is the value of (1 - -1) + (20 - 142 - (-50 + 61))?
-131
Calculate (-1 - (-104 - 0)) + (153 - (206 - 77)).
127
Evaluate 5 - (1 - (4 + (-167 - (-12 + 7)))).
-154
What is the value of -22 - (-4 - -5 - (-78 - -39))?
-62
Calculate -4 + (116 + -55 - (1 - 5)) + (-6 - -3).
58
Evaluate -7 + -28 + (-12 - (54 + -13)).
-88
Evaluate -28 + (57 - 68) + 44.
5
Evaluate 39 + (3 - (36 + -40 + -2 + 13)) - -6.
41
What is the value of (2 - 0) + -1 + (-7 + 9 + 2 - -5)?
10
What is (-14 + 46 - -5) + -69?
-32
Calculate 47 + -63 + 61 + -79.
-34
Calculate -7 + 14 + -47 + 56 - 137.
-121
8 - 0 - (3 + (-9 - (9 - 1)) - 10)
32
Calculate -3 + 5 + -21 + 2 + -2 + (15 - 14).
-18
What is -1 + 12 + (18 - (-2 - -47))?
-16
What is the value of -4 - (-1 + (6 - 6)) - (11 - 19)?
5
Calculate 7 + -15 + 4 + -12 + (-25 - (-23 - -29)).
-47
What is 9 - (-54 - (4 + -75))?
-8
(36 + -14 - 9) + -60
-47
Calculate -21 + -3 + 147 + -32 + -2.
89
215 + -223 + -3 + (-4 - (4 + -27)) - -7
15
Evaluate 2 + 20 + -9 + -3 + -27.
-17
Evaluate 40 + 3 + (7 - (-14 + -4 + 20)).
48
What is -125 - (-85 + 31) - -84?
13
1 - (37 + (-45 - -14))
-5
What is the value of 179 + -41 - 114 - 27?
-3
Evaluate -3 + -18 - (-4 + -21 - 2).
6
Calculate 41 + -111 + 74 - 2.
2
What is -16 - 35 - -68 - -29?
46
What is (-3218 - -3244) + -25 + 2?
3
What is -47 + (-77 - -26 - -57)?
-41
Evaluate (132 - 116 - (-15 - 0)) + -1 + 2.
32
-11 - ((17 - 10 - 11) + -9 + 5)
-3
(75 - -2) + -185 - -49
-59
Calculate -11 + (17 - ((-21 - -42) + -21)).
6
What is 210 + -220 + (3 - (5 - (88 - (-2 - -5))))?
73
What is the value of -107 - ((3 - (-8 + 2 + 65 + -70)) + -19)?
-102
Calculate 8 - (-9 - -42) - -16 - (111 - -1).
-121
Evaluate -57 + 76 - (1 - -3) - 46.
-31
Calculate -12 - ((6 + -7 + 6 - 0) + 5 + -145).
123
(-94 - 13) + 913 + -745
61
-50 - (-97 + 76 + -31)
2
What is the value of -38 + 81 - 138 - -78?
-17
What is (27 - -9) + 87 - (6 - 19 - -19)?
117
Evaluate (-88 - -93) + 95 - 207.
-107
Evaluate -116 + (-4 - (24 - 34 - 14)).
-96
Evaluate -79 + 209 + -124 - (-2 + 24).
-16
-3 - (7 - (3 - -5 - 36)) - 8
-46
Evaluate -105 - ((-13 - -35 - 13) + -4).
-110
(0 - -69) + 0 + (-115 - (-4 + -99))
57
Calculate 10 + (21 + -37 - 31 - -18).
-19
What is the value of (-93 - -2) + 9 + 5 + 2 + -30 + 17?
-88
What is (-21 + 13 - (103 - 121)) + (-1 - 0 - -81)?
90
What is the value of (1 - (-50 - -1)) + (4 + 7 - (307 - 286))?
40
What is the value of 14 + 1 - (-75 + 97 + -97)?
90
Evaluate 94 - (42 + 52) - (-3 + 26).
-23
What is the value of (8 - (15 - ((-11 + 7 - -5) + 13))) + 116?
123
Calculate 7 - (3 + -3) - (-74 + (-6 - (3 + -3))).
87
Evaluate (-1 - (0 + 0)) + -19 - (39 - (-138 + 184)).
-13
Evaluate -40 + (-17 + 22 - -24 - 8).
-19
What is (-18 - (-39 + 8)) + -13 + 104 + -17?
87
Calculate 0 + 3 + 1 + -27 + 16 + 37.
30
What is the value of 13 + (14 - ((-20 - -14) + (-13 - 4)))?
50
Evaluate 97 + -84 + 0 + -7 + -5.
1
What is -94 + 48 + 9 - -5?
-32
What i